{"id":1320,"date":"2025-09-01T17:09:15","date_gmt":"2025-09-01T17:09:15","guid":{"rendered":"https:\/\/sabi.org.ar\/congreso\/?page_id=1320"},"modified":"2025-10-06T16:05:13","modified_gmt":"2025-10-06T16:05:13","slug":"sabi-concursos-estudiantiles","status":"publish","type":"page","link":"https:\/\/sabi.org.ar\/congreso\/sabi-concursos-estudiantiles\/","title":{"rendered":"SABI &#8211; Concursos Estudiantiles"},"content":{"rendered":"\n<div class=\"wp-block-group has-global-padding is-layout-constrained wp-container-core-group-is-layout-c0c79701 wp-block-group-is-layout-constrained\" style=\"padding-top:var(--wp--preset--spacing--70);padding-bottom:var(--wp--preset--spacing--70)\">\n<h1 class=\"wp-block-heading\">CONCURSOS ESTUDIANTILES<\/h1>\n\n\n\n<h2 class=\"wp-block-heading\"><strong>Premio \u201cDr. Max Valentinuzzi\u201d<\/strong><\/h2>\n\n\n\n<p>Todos los trabajos aprobados para su presentaci\u00f3n en SABI Estudiantil participar\u00e1n del Premio \u201cDr. Max Valentinuzzi\u201d, organizado por el Cap\u00edtulo EMBS <em>Engineering in Medicine and Biology Society<\/em>, de IEEE Secci\u00f3n Argentina.<\/p>\n\n\n\n<p>El cap\u00edtulo premiar\u00e1 al mejor trabajo con una membres\u00eda. La evaluaci\u00f3n de los trabajos se realizar\u00e1 a trav\u00e9s de un jurado independiente, formado por investigadores del \u00e1rea de bioingenier\u00eda tanto de IEEE como de SABI y otras sociedades que participan del evento.<\/p>\n\n\n\n<p>Durante el martes 14\/10\/2025, el jurado recorrer\u00e1 los posters, realizando preguntas a los estudiantes autores. Posteriormente informar\u00e1 los trabajos ganadores. Los mismos se anunciar\u00e1n en la ceremonia de cierre de SABI Estudiantil.<\/p>\n\n\n\n<h2 class=\"wp-block-heading\"><strong>Concurso <strong>IFMBE<\/strong><\/strong><\/h2>\n\n\n\n<p>El comit\u00e9 <em>Education &amp; Accreditation de la International Federation of Medical and Biological Engineering<\/em> (IFMBE) desarrollar\u00e1 un concurso entre aquellos trabajos presentados por estudiantes y que deseen participar.<\/p>\n\n\n\n<p><strong>Premios:<\/strong> <em>IFMBE Education &amp; Accreditation Committee<\/em> otorgar\u00e1 premios monetarios a los 3 mejores trabajos (1\u00ba, 2\u00ba y 3\u00ba premio).<\/p>\n\n\n\n<p><strong>Etapas del concurso:<\/strong><\/p>\n\n\n\n<p><strong>1) Inscripci\u00f3n:<\/strong> Aquellos trabajos de estudiantes que han sido aprobados para el Congreso y deseen participar del concurso deben anotarse en este <a href=\"https:\/\/docs.google.com\/forms\/d\/e\/1FAIpQLSf9MfaSp_i4QtzNY9e4_3bvja6dC-q4hNhpzQhZzAh6Qck_bw\/viewform?usp=header\" target=\"_blank\" rel=\"noreferrer noopener\">formulario<\/a>. <strong>La inscripci\u00f3n cierra el 30\/09\/2025.<\/strong><\/p>\n\n\n\n<p><strong>2) Preselecci\u00f3n:<\/strong> El jurado preseleccionar\u00e1 entre 6 y 8 trabajos.<\/p>\n\n\n\n<p><strong>3) Evaluaci\u00f3n:<\/strong> Los trabajos preseleccionados deber\u00e1n ser presentados en forma oral en una sesi\u00f3n especial el jueves 16\/10 ante el jurado, con tiempo de presentaci\u00f3n de 15 minutos. <strong>Las diapositivas y la presentaci\u00f3n oral deben realizarse en ingl\u00e9s<\/strong>.<\/p>\n\n\n\n<p><strong>4) Premiaci\u00f3n:<\/strong> El jurado informar\u00e1 los trabajos ganadores durante la ceremonia de clausura del Congreso el viernes 17\/10.<\/p>\n\n\n\n<p><strong>Trabajos seleccionados<\/strong><\/p>\n\n\n\n<p>ID 186 \u201cTHEO: A monitoring device for milk consumption in infants with Cleft lip or Cleft palate\u201d.<br>Loza Elguera, E., Macedo Santiago, S., Lembcke Vasquez, C., Fuentes Hurtado, A., Leiva Baz\u00e1n, N.<\/p>\n\n\n\n<p>ID 298 \u201cDise\u00f1o y Construcci\u00f3n de un Prototipo de Mano Rob\u00f3tica Controlada por EEG\u201d.<br>Bruzone, T., G\u00f3mez, M., Parizzia, A.<\/p>\n\n\n\n<p>ID 211 \u201cMedScan: An AI-Powered Mobile App Designed to Identify Medications for People with Visual Impairments\u201d.<br>Araujo, D., Rubio, M.<\/p>\n\n\n\n<p>ID 24 \u201cUltrasound-Based Clinical Decision Support for Pediatric Appendicitis Detection in Rural Areas with Integrated AI Assistance\u201d.<br>Herrera, S., Viviano Salvatierra, M., Armoa, G., Capa, X., Tairo Chambilla, L., P\u00e9rez Buitrago, S.<\/p>\n\n\n\n<p>ID 303 \u201cAutomated Deep Learning Estimation of Anthropometric Measurements for Preparticipation Cardiovascular Screening\u201d.<br>Mareque, L., Armentano, R., Cymberknop, L.<\/p>\n\n\n\n<p>ID 82 \u201cVisualization and Optimization Software for Presurgical Brain Stimulation in Drug-Resistant Epilepsy Patients\u201d.<br>Lobos Casco, V., Fern\u00e1ndez-Corazza, M.,&nbsp;Collavini,&nbsp;S.<\/p>\n<\/div>\n","protected":false},"excerpt":{"rendered":"<p>CONCURSOS ESTUDIANTILES Premio \u201cDr. Max Valentinuzzi\u201d Todos los trabajos aprobados para su presentaci\u00f3n en SABI Estudiantil participar\u00e1n del Premio \u201cDr. Max Valentinuzzi\u201d, organizado por el Cap\u00edtulo EMBS Engineering in Medicine and Biology Society, de IEEE Secci\u00f3n Argentina. El cap\u00edtulo premiar\u00e1 al mejor trabajo con una membres\u00eda. La evaluaci\u00f3n de los trabajos se realizar\u00e1 a trav\u00e9s [&hellip;]<\/p>\n","protected":false},"author":2,"featured_media":0,"parent":0,"menu_order":0,"comment_status":"closed","ping_status":"closed","template":"","meta":{"footnotes":""},"class_list":["post-1320","page","type-page","status-publish","hentry"],"yoast_head":"<!-- This site is optimized with the Yoast SEO plugin v24.6 - https:\/\/yoast.com\/wordpress\/plugins\/seo\/ -->\n<title>SABI - Concursos Estudiantiles - SABI 2025<\/title>\n<meta name=\"robots\" content=\"index, follow, max-snippet:-1, max-image-preview:large, max-video-preview:-1\" \/>\n<link rel=\"canonical\" href=\"https:\/\/sabi.org.ar\/congreso\/sabi-concursos-estudiantiles\/\" \/>\n<meta property=\"og:locale\" content=\"es_ES\" \/>\n<meta property=\"og:type\" content=\"article\" \/>\n<meta property=\"og:title\" content=\"SABI - Concursos Estudiantiles - SABI 2025\" \/>\n<meta property=\"og:description\" content=\"CONCURSOS ESTUDIANTILES Premio \u201cDr. Max Valentinuzzi\u201d Todos los trabajos aprobados para su presentaci\u00f3n en SABI Estudiantil participar\u00e1n del Premio \u201cDr. Max Valentinuzzi\u201d, organizado por el Cap\u00edtulo EMBS Engineering in Medicine and Biology Society, de IEEE Secci\u00f3n Argentina. El cap\u00edtulo premiar\u00e1 al mejor trabajo con una membres\u00eda. La evaluaci\u00f3n de los trabajos se realizar\u00e1 a trav\u00e9s [&hellip;]\" \/>\n<meta property=\"og:url\" content=\"https:\/\/sabi.org.ar\/congreso\/sabi-concursos-estudiantiles\/\" \/>\n<meta property=\"og:site_name\" content=\"SABI 2025\" \/>\n<meta property=\"article:modified_time\" content=\"2025-10-06T16:05:13+00:00\" \/>\n<meta name=\"twitter:card\" content=\"summary_large_image\" \/>\n<meta name=\"twitter:label1\" content=\"Tiempo de lectura\" \/>\n\t<meta name=\"twitter:data1\" content=\"2 minutos\" \/>\n<script type=\"application\/ld+json\" class=\"yoast-schema-graph\">{\"@context\":\"https:\/\/schema.org\",\"@graph\":[{\"@type\":\"WebPage\",\"@id\":\"https:\/\/sabi.org.ar\/congreso\/sabi-concursos-estudiantiles\/\",\"url\":\"https:\/\/sabi.org.ar\/congreso\/sabi-concursos-estudiantiles\/\",\"name\":\"SABI - Concursos Estudiantiles - SABI 2025\",\"isPartOf\":{\"@id\":\"https:\/\/sabi.org.ar\/congreso\/#website\"},\"datePublished\":\"2025-09-01T17:09:15+00:00\",\"dateModified\":\"2025-10-06T16:05:13+00:00\",\"breadcrumb\":{\"@id\":\"https:\/\/sabi.org.ar\/congreso\/sabi-concursos-estudiantiles\/#breadcrumb\"},\"inLanguage\":\"es\",\"potentialAction\":[{\"@type\":\"ReadAction\",\"target\":[\"https:\/\/sabi.org.ar\/congreso\/sabi-concursos-estudiantiles\/\"]}]},{\"@type\":\"BreadcrumbList\",\"@id\":\"https:\/\/sabi.org.ar\/congreso\/sabi-concursos-estudiantiles\/#breadcrumb\",\"itemListElement\":[{\"@type\":\"ListItem\",\"position\":1,\"name\":\"Portada\",\"item\":\"https:\/\/sabi.org.ar\/congreso\/\"},{\"@type\":\"ListItem\",\"position\":2,\"name\":\"SABI &#8211; Concursos Estudiantiles\"}]},{\"@type\":\"WebSite\",\"@id\":\"https:\/\/sabi.org.ar\/congreso\/#website\",\"url\":\"https:\/\/sabi.org.ar\/congreso\/\",\"name\":\"SABI 2025\",\"description\":\"Congreso SABI 2025\",\"publisher\":{\"@id\":\"https:\/\/sabi.org.ar\/congreso\/#organization\"},\"potentialAction\":[{\"@type\":\"SearchAction\",\"target\":{\"@type\":\"EntryPoint\",\"urlTemplate\":\"https:\/\/sabi.org.ar\/congreso\/?s={search_term_string}\"},\"query-input\":{\"@type\":\"PropertyValueSpecification\",\"valueRequired\":true,\"valueName\":\"search_term_string\"}}],\"inLanguage\":\"es\"},{\"@type\":\"Organization\",\"@id\":\"https:\/\/sabi.org.ar\/congreso\/#organization\",\"name\":\"Sociedad Argentina de BioIngenieria - Congreso 2025\",\"url\":\"https:\/\/sabi.org.ar\/congreso\/\",\"logo\":{\"@type\":\"ImageObject\",\"inLanguage\":\"es\",\"@id\":\"https:\/\/sabi.org.ar\/congreso\/#\/schema\/logo\/image\/\",\"url\":\"https:\/\/sabi.org.ar\/congreso\/wp-content\/uploads\/2025\/02\/Logo-Congresos-SABI-dibujito.png\",\"contentUrl\":\"https:\/\/sabi.org.ar\/congreso\/wp-content\/uploads\/2025\/02\/Logo-Congresos-SABI-dibujito.png\",\"width\":440,\"height\":599,\"caption\":\"Sociedad Argentina de BioIngenieria - Congreso 2025\"},\"image\":{\"@id\":\"https:\/\/sabi.org.ar\/congreso\/#\/schema\/logo\/image\/\"},\"sameAs\":[\"https:\/\/www.instagram.com\/congresosabi\/\"]}]}<\/script>\n<!-- \/ Yoast SEO plugin. -->","yoast_head_json":{"title":"SABI - Concursos Estudiantiles - SABI 2025","robots":{"index":"index","follow":"follow","max-snippet":"max-snippet:-1","max-image-preview":"max-image-preview:large","max-video-preview":"max-video-preview:-1"},"canonical":"https:\/\/sabi.org.ar\/congreso\/sabi-concursos-estudiantiles\/","og_locale":"es_ES","og_type":"article","og_title":"SABI - Concursos Estudiantiles - SABI 2025","og_description":"CONCURSOS ESTUDIANTILES Premio \u201cDr. Max Valentinuzzi\u201d Todos los trabajos aprobados para su presentaci\u00f3n en SABI Estudiantil participar\u00e1n del Premio \u201cDr. Max Valentinuzzi\u201d, organizado por el Cap\u00edtulo EMBS Engineering in Medicine and Biology Society, de IEEE Secci\u00f3n Argentina. El cap\u00edtulo premiar\u00e1 al mejor trabajo con una membres\u00eda. La evaluaci\u00f3n de los trabajos se realizar\u00e1 a trav\u00e9s [&hellip;]","og_url":"https:\/\/sabi.org.ar\/congreso\/sabi-concursos-estudiantiles\/","og_site_name":"SABI 2025","article_modified_time":"2025-10-06T16:05:13+00:00","twitter_card":"summary_large_image","twitter_misc":{"Tiempo de lectura":"2 minutos"},"schema":{"@context":"https:\/\/schema.org","@graph":[{"@type":"WebPage","@id":"https:\/\/sabi.org.ar\/congreso\/sabi-concursos-estudiantiles\/","url":"https:\/\/sabi.org.ar\/congreso\/sabi-concursos-estudiantiles\/","name":"SABI - Concursos Estudiantiles - SABI 2025","isPartOf":{"@id":"https:\/\/sabi.org.ar\/congreso\/#website"},"datePublished":"2025-09-01T17:09:15+00:00","dateModified":"2025-10-06T16:05:13+00:00","breadcrumb":{"@id":"https:\/\/sabi.org.ar\/congreso\/sabi-concursos-estudiantiles\/#breadcrumb"},"inLanguage":"es","potentialAction":[{"@type":"ReadAction","target":["https:\/\/sabi.org.ar\/congreso\/sabi-concursos-estudiantiles\/"]}]},{"@type":"BreadcrumbList","@id":"https:\/\/sabi.org.ar\/congreso\/sabi-concursos-estudiantiles\/#breadcrumb","itemListElement":[{"@type":"ListItem","position":1,"name":"Portada","item":"https:\/\/sabi.org.ar\/congreso\/"},{"@type":"ListItem","position":2,"name":"SABI &#8211; Concursos Estudiantiles"}]},{"@type":"WebSite","@id":"https:\/\/sabi.org.ar\/congreso\/#website","url":"https:\/\/sabi.org.ar\/congreso\/","name":"SABI 2025","description":"Congreso SABI 2025","publisher":{"@id":"https:\/\/sabi.org.ar\/congreso\/#organization"},"potentialAction":[{"@type":"SearchAction","target":{"@type":"EntryPoint","urlTemplate":"https:\/\/sabi.org.ar\/congreso\/?s={search_term_string}"},"query-input":{"@type":"PropertyValueSpecification","valueRequired":true,"valueName":"search_term_string"}}],"inLanguage":"es"},{"@type":"Organization","@id":"https:\/\/sabi.org.ar\/congreso\/#organization","name":"Sociedad Argentina de BioIngenieria - Congreso 2025","url":"https:\/\/sabi.org.ar\/congreso\/","logo":{"@type":"ImageObject","inLanguage":"es","@id":"https:\/\/sabi.org.ar\/congreso\/#\/schema\/logo\/image\/","url":"https:\/\/sabi.org.ar\/congreso\/wp-content\/uploads\/2025\/02\/Logo-Congresos-SABI-dibujito.png","contentUrl":"https:\/\/sabi.org.ar\/congreso\/wp-content\/uploads\/2025\/02\/Logo-Congresos-SABI-dibujito.png","width":440,"height":599,"caption":"Sociedad Argentina de BioIngenieria - Congreso 2025"},"image":{"@id":"https:\/\/sabi.org.ar\/congreso\/#\/schema\/logo\/image\/"},"sameAs":["https:\/\/www.instagram.com\/congresosabi\/"]}]}},"_links":{"self":[{"href":"https:\/\/sabi.org.ar\/congreso\/wp-json\/wp\/v2\/pages\/1320","targetHints":{"allow":["GET"]}}],"collection":[{"href":"https:\/\/sabi.org.ar\/congreso\/wp-json\/wp\/v2\/pages"}],"about":[{"href":"https:\/\/sabi.org.ar\/congreso\/wp-json\/wp\/v2\/types\/page"}],"author":[{"embeddable":true,"href":"https:\/\/sabi.org.ar\/congreso\/wp-json\/wp\/v2\/users\/2"}],"replies":[{"embeddable":true,"href":"https:\/\/sabi.org.ar\/congreso\/wp-json\/wp\/v2\/comments?post=1320"}],"version-history":[{"count":7,"href":"https:\/\/sabi.org.ar\/congreso\/wp-json\/wp\/v2\/pages\/1320\/revisions"}],"predecessor-version":[{"id":1510,"href":"https:\/\/sabi.org.ar\/congreso\/wp-json\/wp\/v2\/pages\/1320\/revisions\/1510"}],"wp:attachment":[{"href":"https:\/\/sabi.org.ar\/congreso\/wp-json\/wp\/v2\/media?parent=1320"}],"curies":[{"name":"wp","href":"https:\/\/api.w.org\/{rel}","templated":true}]}}